at is the tens digit of r?
2
Let y(t) = t**2 + 20*t + 9. What is the tens digit of y(14)?
8
Suppose 3*b + 6 = 0, -4*l - 9 = -4*b + 151. What is the units digit of l*(3 + (-27)/7)?
6
Let h(w) = w**3 + 18*w**2 + 8*w - 135. What is the units digit of h(-14)?
7
Let b = 13 + -3. Let d = 80 - b. What is the units digit of d?
0
Let r(f) = 108*f**3 + 3*f**2 - 2*f + 5. What is the units digit of r(2)?
7
Let b(g) = -g + 11. Let t be b(-4). Suppose t*z - 2002 = 4*z. What is the units digit of z?
2
Let k(i) = i**3 + 5*i**2 + 3*i - 4. Let j be k(-4). Let s be (j - (-8)/12)*9. Suppose 0 = 5*h - 3*b - 170, -h - 5*b + s = -0*h. What is the units digit of h?
1
Suppose -3*t = -5*g + 127 + 2543, 0 = g - 3*t - 546. What is the tens digit of g?
3
Suppose 0*d - d + 4 = 0. Suppose 0*m + m = d*x - 224, 5*m = -x + 56. What is the units digit of x?
6
Suppose 2*q = -2*n, -2*q + 3*n + 14 = 2*q. Let i(o) = 20 - 10 - 13 + 15*o. What is the tens digit of i(q)?
2
Suppose 143*r + 5856 = 149*r. What is the hundreds digit of r?
9
Let z be (-63)/(-2)*70/15. What is the tens digit of (1 - 5)/((-14)/z)?
4
Let w(p) = 7*p**2 + 9 - 3*p + 9*p - p**3 - 2*p - 5*p. Let u = 6 + 1. What is the units digit of w(u)?
2
Let c(t) = 5*t**3 - 28*t**2 + 42*t + 32. What is the thousands digit of c(11)?
3
Let c = 1220 + -477. Suppose -6*l + 607 = -c. What is the hundreds digit of l?
2
Let n(z) = -z**2 + 7*z - 7. Let j be n(5). Suppose -j*r + 126 = -54. What is the units digit of r?
0
Let o(b) = -3*b + 4. Let u be o(0). Suppose u*l + 329 = 1253. What is the tens digit of l?
3
Let i(w) be the second derivative of w**4/12 + 2*w**3/3 + w**2 - 6*w. Let h be i(-4). Suppose 3*f = h*f + 3*n + 25, 5*n = 5. What is the units digit of f?
8
Suppose 6*x = f + 3*x - 257, f + 2*x - 272 = 0. What is the units digit of f?
6
Let n = -1290 + 340. What is the tens digit of (n/(-9))/2 - (-52)/234?
5
Let r be (-358)/(-6) + 5/15. Suppose s + s = -r. What is the units digit of (-424)/s + (-16)/120?
4
Suppose -k + 6 = -c, 0 = 3*c - 2*k + 6 + 12. Let s be (16/10)/(c/(-15)). Suppose 5*x - 45 = -s*a, 2*x + 3*x - 25 = 0. What is the units digit of a?
5
Let s(y) = 2*y**2 + y - 4*y + 0*y - y**2 + 8. Let v be s(7). What is the units digit of (-9)/v - (-25)/4?
6
Suppose 85*n + 36 = 88*n. Suppose 22*d - n*d = 280. What is the tens digit of d?
2
Let k(v) = 87*v**3 - 2*v**2 - 4*v + 6. What is the units digit of k(2)?
6
Let j = 1652 + -881. What is the tens digit of j?
7
Let w(o) = -o**2 + 2*o + 6. Let z be (-7)/((-21)/9) + 0. Let x be w(z). Suppose -x*u = -0*v - 2*v - 22, -3*u + 12 = 3*v. What is the units digit of u?
6
What is the hundreds digit of 490 + -10 + (-2 - -3)?
4
Let k = -3 - 9. Let o = k - -15. What is the units digit of -10*(o - 36/10)?
6
Let c(x) = 17*x**3 + 5*x**2 - 12*x - 3. What is the units digit of c(4)?
7
Let o = -6 + 4. Let n be o/5 + 624/(-40). Let q = 1 - n. What is the units digit of q?
7
Let b = -66 - -96. Let n = b + -30. What is the units digit of (n - -53) + -1 + 4?
6
Suppose 3*h - 38 = -149. Let v = h - -107. What is the tens digit of v?
7
Let h(x) = -x**3 + 31*x**2 - 39*x - 3. What is the units digit of h(29)?
8
Suppose -7 = -5*m - 2*w, 3*w = -m - 4 - 5. Suppose m*q - 478 = -d, 3*q + 4*d = -0*d + 490. What is the tens digit of q?
5
Suppose -c + 3*d = -1144, -3*c + 4*c - 4*d - 1149 = 0. What is the tens digit of c?
2
Let t = -3625 - -5514. What is the thousands digit of t?
1
Let y be (108/15 - 7) + 58/10. Let v(n) = n**3 - 2*n**2 - 5*n + 1. What is the hundreds digit of v(y)?
1
Let o be -2 + (1 - (-3 + -8)). Let u = o - 10. Suppose 2*a + 0*a - 14 = u. What is the units digit of a?
7
Suppose 5*u - 11762 = -4*f, -59*u + 54*u + 11747 = -f. What is the tens digit of u?
5
What is the units digit of ((-1023)/(-55))/((-6)/(-570))?
7
Let y(r) = -6*r - 8. Let g be y(-5). Suppose f - g = -2*w, 4*f + w = 25 + 35. What is the units digit of f?
4
Let q(j) = j + 12. Let l(x) = 4*x + 13. Let v be l(-6). Let c = v + 4. What is the units digit of q(c)?
5
Let n = 587 - 306. What is the tens digit of n?
8
Let b(q) = -2*q**3 + 37*q**2 + 11*q + 76. What is the tens digit of b(17)?
3
Suppose 0 = -s - 2*b + 5, 0 = -3*s + 5*b + 2 + 2. Suppose s*c = 208 + 230. What is the units digit of c?
6
Let t = 4244 - 1030. What is the thousands digit of t?
3
Let b(d) be the second derivative of -d**3/2 - 22*d. What is the units digit of b(-8)?
4
Let s(q) = -3*q - 3. Let f be s(-7). Let v = 22 - f. Suppose x + v*x = -5*b + 230, -3*b = -x + 30. What is the tens digit of x?
4
Let i(d) = 222*d + 3. What is the hundreds digit of i(1)?
2
Let t = -61 + 15. What is the tens digit of 6/(5/t*(-24)/30)?
6
What is the tens digit of 23800/24 - 6/9?
9
Let h(f) = 10*f**2 - 37*f. What is the tens digit of h(6)?
3
Let g be ((-7 - -3)/(-1))/(-2). Let f(h) = -3*h - 4. Let m be f(g). Suppose m*k - 38 = -5*j - 7, -3*k = 2*j - 52. What is the tens digit of k?
1
Let i(j) = j**3 + 8*j**2 - 8*j. Let z be i(-9). Let r = z - -118. What is the units digit of r?
9
Suppose -m = -495 + 102. Suppose -4*b = 37 - m. What is the tens digit of b?
8
Suppose o + o = 52. Suppose -o - 37 = 5*h + 3*n, -4*h - n = 49. What is the units digit of (h/(-8))/((-1)/(-2))?
3
Let z = -12 + 12. Suppose -p - 3 + 6 = z. Suppose 2 = -r + p*q, -4*r + 9*r = 5*q. What is the units digit of r?
1
Let p = 33 - 38. What is the tens digit of (-606)/(-5) + (1 - (-6)/p)?
2
Suppose -11*g = -6*g - 25. Suppose 2*q - g*p = -p + 172, -104 = -q - 4*p. What is the units digit of q?
2
Suppose 4 = 7*z - 3. Let g(d) = -7*d**3 + d**2 + d - 1. Let h be g(z). What is the tens digit of 72/((9/h)/(-1))?
4
Let q(a) = 4 + 7*a + 0*a + 8*a**2 + 4. What is the units digit of q(-2)?
6
Let t = -721 - -2421. What is the hundreds digit of t?
7
Suppose 54 = 2*f - 4*o, f - 21 = -2*o + 6. Suppose -12 = -5*b + 8. Suppose j - f = b*z - 125, j = -5*z + 118. What is the tens digit of z?
2
Let z(t) = -629*t - 362. What is the hundreds digit of z(-4)?
1
Let k(q) = 5*q**2 - 54*q - 154. What is the hundreds digit of k(25)?
6
Let o be 59/3 - -1 - (-8)/(-12). Suppose t - 2*m = o, -31 - 61 = -4*t - 4*m. What is the tens digit of t?
2
Suppose 0 = -74*v + 110*v - 191448. What is the units digit of v?
8
Suppose -2*m - 5*v + 189 = 0, 67 = 3*m + 3*v - 203. Let j = m - -39. What is the units digit of j?
6
What is the thousands digit of (1433/2)/((-29)/(-58))?
1
Let b = -747 - -1136. What is the units digit of b?
9
What is the units digit of 2336/26 + (-6)/(-39)?
0
Suppose 6 = 4*o + 2*j, -3*j - 11 - 8 = -o. Suppose -o*p = -2*p - 134. What is the tens digit of p?
6
Let l be (-161)/(-49) - 4/14. Suppose l*x - 4*x + 3 = 0. What is the units digit of x*((-120)/9)/(-5)?
8
Let u(w) = -12 + 4*w**2 + 4 - 9*w + 10*w - 12*w. What is the units digit of u(9)?
7
Let d(h) = h**3 + 20*h**2 + 6*h - 19. What is the units digit of d(-16)?
9
Let o(t) be the first derivative of -t**2/2 + 16*t + 4. Let b be o(13). Suppose 3*a = b*g - 102, 5*a = 2*g - g - 38. What is the tens digit of g?
3
Suppose -2*u = -3*l + 6, -5*l + 29 = -u + 4*u. Suppose -u*z + 5 = 2*z, z + 47 = -4*g. What is the units digit of 106/10 + g/(-30)?
1
Let g = 42 + -74. Let l = g + 31. What is the units digit of (l - 2)/1 - -14?
1
Let w(g) = 2*g**2 - 8*g - 25. What is the tens digit of w(-10)?
5
What is the hundreds digit of 52998/11 + 8 + -13?
8
Let d be 1*(4 - 8) + 9. Suppose -d*z + 64 = a, -3*z - 11 = 4. Suppose -14 + a = 5*k. What is the units digit of k?
5
Suppose -3 = -l, s - 3*l + 0*l = 164. Suppose -2*h = -1 - 3. Suppose 3*w = -h*q + s, -q - 153 = -3*q + w. What is the units digit of q?
9
Let p(t) = -t**3 + t**2. Let j(i) = 3*i**3 - 7*i**2 + 4*i + 2. Let s(g) = j(g) + 4*p(g). Let v be s(-4). What is the units digit of 0 - (v + -7) - -2?
7
Let n = -74 - -120. Let w = 57 + n. What is the tens digit of w?
0
Let g(z) = -5*z**3 + 8*z**2 + 34*z + 2. What is the tens digit of g(-5)?
5
Suppose 78 = -b - 3*k + 4*k, -3*b - 2*k - 219 = 0. Let p be b/2*(-2)/(-3). Let z = p + 69. What is the units digit of z?
4
Let o be 24/(-7) + (-4)/7. Let q be (0 - o)*3/(-6). What is the tens digit of (-374)/33*3/q?
1
Let f = 1438 - 805. What is the tens digit of f?
3
Let f(x) = x**3 + 29*x**2 - 31*x - 8. What is the hundreds digit of f(-23)?
8
Let r(u) = 2*u**3 - u**2 - u - 14. Let m be r(0). What is the units digit